e
Does 17 divide 1230?
False
Does 13 divide 2626?
True
Does 8 divide 3612?
False
Is 35 a factor of 935?
False
Does 3 divide 348?
True
Is 22 a factor of 514?
False
Is 2280 a multiple of 10?
True
Is 506 a multiple of 22?
True
Does 10 divide 1550?
True
Does 9 divide 265?
False
Is 12 a factor of 904?
False
Is 876 a multiple of 73?
True
Is 19 a factor of 2166?
True
Does 56 divide 4200?
True
Is 6412 a multiple of 82?
False
Does 2 divide 171?
False
Does 40 divide 35480?
True
Is 93 a multiple of 22?
False
Is 57780 a multiple of 9?
True
Is 1656 a multiple of 24?
True
Is 96 a multiple of 4?
True
Is 13 a factor of 286?
True
Is 5 a factor of 6079?
False
Is 201 a factor of 17889?
True
Is 22572 a multiple of 22?
True
Does 11 divide 275?
True
Is 240 a multiple of 48?
True
Is 12 a factor of 4426?
False
Does 138 divide 53773?
False
Is 98 a factor of 3052?
False
Is 672 a multiple of 24?
True
Is 26 a factor of 104?
True
Is 350 a multiple of 31?
False
Is 26 a factor of 784?
False
Is 24970 a multiple of 5?
True
Is 57 a factor of 855?
True
Is 12 a factor of 36108?
True
Is 80 a multiple of 20?
True
Is 864 a multiple of 6?
True
Is 9 a factor of 2958?
False
Is 19 a factor of 1015?
False
Is 400 a multiple of 4?
True
Does 25 divide 1372?
False
Is 901 a multiple of 53?
True
Is 42 a factor of 1907?
False
Does 2 divide 1659?
False
Is 1575 a multiple of 9?
True
Does 41 divide 4910?
False
Is 3612 a multiple of 129?
True
Is 21 a factor of 3460?
False
Does 4 divide 1444?
True
Is 540 a multiple of 14?
False
Is 6 a factor of 240?
True
Does 39 divide 3861?
True
Is 14 a factor of 31724?
True
Is 13 a factor of 806?
True
Is 33 a factor of 3513?
False
Is 1032 a multiple of 24?
True
Is 2 a factor of 126?
True
Is 31 a factor of 20706?
False
Is 15276 a multiple of 6?
True
Is 23 a factor of 2346?
True
Is 1320 a multiple of 20?
True
Does 120 divide 95738?
False
Is 2788 a multiple of 41?
True
Does 53 divide 5583?
False
Does 5 divide 1235?
True
Is 58 a factor of 2784?
True
Is 28 a factor of 183?
False
Is 96 a multiple of 15?
False
Is 35 a factor of 12530?
True
Is 102 a factor of 10098?
True
Is 8 a factor of 112?
True
Is 711 a multiple of 89?
False
Is 61 a factor of 18361?
True
Is 17 a factor of 43474?
False
Is 12789 a multiple of 147?
True
Does 13 divide 10049?
True
Is 3236 a multiple of 5?
False
Is 81 a factor of 11399?
False
Is 1869 a multiple of 25?
False
Does 22 divide 352?
True
Is 3 a factor of 10347?
True
Is 9982 a multiple of 14?
True
Is 13 a factor of 139?
False
Is 60 a factor of 187?
False
Is 52 a factor of 515?
False
Does 15 divide 1262?
False
Is 254 a factor of 15836?
False
Does 13 divide 1668?
False
Is 123 a multiple of 41?
True
Is 27 a factor of 1931?
False
Does 315 divide 43470?
True
Is 31 a factor of 651?
True
Is 11 a factor of 682?
True
Does 25 divide 157?
False
Is 2744 a multiple of 32?
False
Does 25 divide 46425?
True
Does 167 divide 42084?
True
Does 71 divide 8584?
False
Does 32 divide 11285?
False
Does 6 divide 1812?
True
Does 15 divide 485?
False
Does 43 divide 4854?
False
Does 16 divide 2000?
True
Is 86 a factor of 28548?
False
Does 21 divide 24514?
False
Is 41458 a multiple of 12?
False
Does 7 divide 840?
True
Does 6 divide 675?
False
Does 2 divide 84?
True
Is 9 a factor of 1001?
False
Is 19296 a multiple of 12?
True
Is 92 a factor of 14084?
False
Is 5777 a multiple of 10?
False
Does 40 divide 12011?
False
Does 15 divide 101195?
False
Is 224 a multiple of 32?
True
Is 24 a factor of 14088?
True
Does 13 divide 250?
False
Is 11334 a multiple of 57?
False
Is 5 a factor of 38290?
True
Does 15 divide 45605?
False
Is 3 a factor of 219?
True
Is 21 a factor of 6895?
False
Is 580 a multiple of 29?
True
Is 73 a factor of 1314?
True
Is 4576 a multiple of 27?
False
Does 74 divide 78361?
False
Is 58 a factor of 75?
False
Is 20 a factor of 5320?
True
Does 99 divide 396?
True
Is 22 a factor of 2838?
True
Is 5 a factor of 13955?
True
Is 58 a factor of 3016?
True
Is 40 a factor of 5518?
False
Is 1756 a multiple of 5?
False
Does 23 divide 3841?
True
Is 27 a factor of 29588?
False
Does 14 divide 2408?
True
Does 12 divide 21247?
False
Is 220 a factor of 87780?
True
Is 9 a factor of 108?
True
Is 3639 a multiple of 156?
False
Is 48 a factor of 2714?
False
Does 21 divide 525?
True
Is 41 a factor of 5912?
False
Is 1063 a multiple of 2?
False
Is 42 a factor of 919?
False
Does 38 divide 7714?
True
Is 11 a factor of 24464?
True
Is 57 a factor of 3404?
False
Is 285 even?
False
Is 110 a factor of 15554?
False
Does 73 divide 7008?
True
Is 386 a multiple of 6?
False
Is 54 a factor of 7290?
True
Is 242 a factor of 38478?
True
Is 6121 a multiple of 6?
False
Is 1232 a multiple of 28?
True
Is 64 a factor of 1570?
False
Is 26 a factor of 75?
False
Is 2924 a multiple of 43?
True
Is 358 a multiple of 2?
True
Is 43 a factor of 564?
False
Is 1591 a multiple of 36?
False
Does 42 divide 1916?
False
Is 42 a factor of 516?
False
Is 6 a factor of 6252?
True
Is 57 a factor of 5529?
True
Is 675 a multiple of 15?
True
Is 49 a multiple of 7?
True
Is 5530 a multiple of 56?
False
Is 29 a factor of 18368?
False
Does 252 divide 43596?
True
Does 24 divide 624?
True
Is 52 a factor of 9600?
False
Does 62 divide 607?
False
Does 94 divide 36642?
False
Does 50 divide 61250?
True
Is 11088 a multiple of 126?
True
Is 32 a factor of 640?
True
Is 14932 a multiple of 23?
False
Is 3240 a multiple of 27?
True
Is 8 a factor of 10194?
False
Is 5325 a multiple of 6?
False
Does 12 divide 2124?
True
Does 86 divide 774?
True
Is 8 a factor of 11858?
False
Is 23959 a multiple of 157?
False
Is 1320 a multiple of 8?
True
Does 146 divide 7212?
False
Is 48868 a multiple of 76?
True
Is 12 a factor of 2100?
True
Is 16912 a multiple of 12?
False
Is 247 a multiple of 19?
True
Does 97 divide 2579?
False
Does 25 divide 87?
False
Is 491 a multiple of 29?
False
Is 10982 a multiple of 23?
False
Does 9 divide 1305?
True
Is 14 a factor of 8886?
False
Is 26769 a multiple of 100?
False
Does 70 divide 1555?
False
Is 30375 a multiple of 81?
True
Does 27 divide 243?
True
Is 85 a multiple of 32?
False
Is 25110 a multiple of 45?
True
Does 14 divide 94?
False
Is 80 a factor of 5280?
True
Does 15 divide 93?
False
Is 55232 a multiple of 64?
True
Is 48 a factor of 3744?
True
Is 168 a multiple of 28?
True
Is 33 a factor of 1023?
True
Does 3 divide 1297?
False
Is 19583 a multiple of 18?
False
Does 181 divide 49413?
True
Is 3006 a multiple of 18?
True
Does 17 divide 1190?
True
Does 7 divide 1582?
True
Is 25 a factor of 125?
True
Is 147 a factor of 7712?
False
Is 7 a factor of 4000?
False
Is 33 a factor of 476?
False
Is 35 a factor of 1282?
False
Is 506 a multiple of 15?
False
Does 119 divide 33399?
False
Is 1224 a multiple of 72?
True
Does 9 divide 281?
False
Does 44 divide 18700?
True
Is 228 a multiple of 7?
False
Is 32186 a multiple of 26?
False
Is 7301 a multiple of 14?
False
Is 11 a factor of 10494?
True
Does 29 divide 429?
False
Is 214 a multiple of 8?
False
Does 40 divide 4760?
True
Is 3 a factor of 630?
True
Is 26 a factor of 8788?
True
Is 19 a factor of 86561?
False
Is 14 a factor of 23907?
False
Is 5 a factor of 6848?
False
Does 8 divide 5493?
False
Is 43901 a multiple of 34?
False
Does 26 divide 962?
True
Does 14 divide 6649?
False
Is 4060 a multiple of 20?
True
Is 3998 a multiple of 26?
False
Is 3 a factor of 317?
False
Is 171 a multiple of 2?
False
Is 4624 a multiple of 136?
True
Is 4 a factor of 34300?
True
Is 14700 a multiple of 175?
True
Is 508 a multiple of 7?
False
Is 648 a multiple of 9?
True
Is 4952 a multiple of 44?
False
Is 18 a factor of 8456?
False
Does 87 divide 1044?
True
Is 1978 a multiple of 86?
True
Is 55 a factor of 10494?
False
Is 24 a factor of 2570?
False
Is 28081 a multiple of 66?
False
Is 4194 a multiple of 18?
True
Does 18 divide 207?
False
Is 24 a multiple of 3?
True
Is 11 a factor of 7337?
True
Does 7 divide 1189?
False
Is 7 a factor of 42?
True
Is 1085 a multiple of 17?
False
Is 20 a factor of 366?
False
Is 34 a factor of 6358?
True
Is 584 a multiple of 5?
False
Is 60 a factor of 5341?
False
Is 87 a factor of 1200?
False
Is 451 a multiple of 27?
False
Is 509 a multiple of 38?
False
Does 9 divide 395?
False
Is 10 a factor of 595?
False
Does 57 divide 2598?
False
Is 41 a factor of 18737?
True
Does 32 divide 397?
False
Is 13 even?
